-4 + (-4 - -4) - l. Is (77/33)/((-2)/o) a composite number?
True
Suppose -5*m - 30*j = -27*j - 1908130, -4*m + 1526496 = 4*j. Is m prime?
True
Let u(g) = -8*g - 88. Let o be u(-11). Suppose o = -3*r - 3*b + 14880, 0 = r - b - 3*b - 4975. Is r a composite number?
True
Let r(z) = 4638*z**2 - 553*z - 65. Is r(8) prime?
True
Let s(r) = 3*r**2 - 9*r - 20. Let o be s(6). Let t = 37 - o. Suppose -5*l + 4*c = -0*c - 909, 4*c + 539 = t*l. Is l a composite number?
True
Suppose -3*n + 5*n = -4*g + 52, -3*g + 2*n = -32. Suppose -4*w - c = -18439, -g*c + 4612 = w - 11*c. Is w prime?
False
Suppose 21 = 4*v - 71. Suppose -a + 13 = 3*m - 0, -3*m + 4*a = -v. Suppose -5*c + 2245 = 5*l, -m*l = -3*c + 1438 - 123. Is c composite?
True
Is ((-1640230)/4)/((819/42)/(-39)) a prime number?
False
Let a = 110 + 47. Suppose -153*u = -a*u + 16. Suppose m - 5*m + 4 = 0, -u*m = -3*k + 3341. Is k prime?
False
Is 1121305/50 - 2/20 a prime number?
False
Let v be (1/1)/((-6311)/(-1052) - 6). Let n be -6*(v/28 - 6/14). Let r = n - 83. Is r prime?
False
Suppose -q - 2*g - 304269 = -2*q, 1521332 = 5*q + 3*g. Is q prime?
False
Let w(m) = 45*m**2 + 53*m - 129. Is w(22) composite?
False
Let o(v) be the first derivative of -75*v**2/2 - 17*v + 8. Let g be o(-7). Suppose 0 = -5*p + g + 1027. Is p a composite number?
False
Suppose 16*u - 12 = 12*u. Suppose -c - 245 = 5*a, -u*c = -0*a + 4*a + 207. Let k = -35 - a. Is k a prime number?
True
Let s(f) = 14*f - 27. Let i(n) = n - 1. Suppose 23 = 3*j + 20. Let o(g) = j*s(g) + 6*i(g). Is o(6) composite?
True
Let d(n) be the second derivative of 4*n**4/3 - n**3/2 - 9*n**2 - 22*n. Is d(-5) a composite number?
False
Suppose -m = 0, 44*u - 47*u - 4*m = 0. Suppose 3*w + 1636 = 7*w - 5*y, u = -5*y. Is w composite?
False
Suppose 9*j = 4*j - 171453 + 536848. Is j prime?
True
Let r(q) = -24*q**3 - 4*q**2 + 42*q + 633. Is r(-11) a composite number?
True
Suppose 0 = -2*u + 4*q - 116, -2*u - 25 = -2*q + 83. Let c = 52 + u. Suppose -s + 5*b + 233 = 74, -3*s + c*b = -503. Is s composite?
True
Let o(z) = -z. Let b(j) = -281*j - 2. Let t(v) = b(v) - 5*o(v). Let l be t(1). Let f = -27 - l. Is f composite?
False
Let t = 2517 + -1512. Suppose -4*z = 1049 + 951. Let w = t + z. Is w prime?
False
Let f = -4552 - -10837. Suppose -6*w + 4*w = -5*q - 2514, -q + f = 5*w. Is w composite?
True
Let c = 26875 + -19113. Is c a composite number?
True
Is (-5)/((-40)/3868592) + 6/(-8)*4 composite?
True
Suppose 21 - 11 = 2*j. Is 0 + -7 + 165 + j composite?
False
Suppose 237*f - 241*f = 5*c - 514354, 3*f - 5*c - 385783 = 0. Is f a composite number?
False
Let v = -171 - -174. Suppose 0 = a - 2*t - 649, -2*a + 256 = -v*t - 1042. Is a prime?
False
Let k(j) be the first derivative of -10 - 1/4*j**4 + 6*j - 10/3*j**3 - 17/2*j**2. Is k(-8) a composite number?
True
Let w(p) = 2*p**2 + p + 709. Suppose 5 = -6*i + 5. Is w(i) a prime number?
True
Suppose -3*c + 309 = -4*j, -4*c + 3*j - 4*j + 431 = 0. Let h = 1264 - c. Is h prime?
False
Is (-15)/100*392965*((-8)/12 + -2) a composite number?
True
Let w = -21076 + 71633. Suppose -22*t - w + 248491 = 0. Is t a composite number?
True
Suppose -56 = -12*o - 20. Suppose -218995 = -2*h - o*h. Is h prime?
False
Suppose -7194 = 229*c - 251*c. Is c a composite number?
True
Let m = -315 + 329. Suppose 40*n = m*n + 145106. Is n prime?
True
Let s(m) = -m**3 - 2*m**2 - 13*m - 113. Is s(-22) composite?
True
Suppose -3*c + 2*k + k + 8880 = 0, -2*c + 5905 = -5*k. Suppose -1 = o - 0*o, c = -3*l - o. Let b = l + 1965. Is b a prime number?
True
Is -10 - 3/((-27)/1011951) a composite number?
False
Suppose -344*q + 348*q = 610356. Suppose 176*v - q = 157*v. Is v composite?
True
Let j(z) = -2*z - 27. Let q be j(-6). Let p(r) = -r**3 - 10*r**2 + r + 41. Is p(q) composite?
False
Let b = -793 - -153. Let u = b + 2744. Suppose 2*g = -2*w + 838, -5*g + u = -0*g + 2*w. Is g prime?
False
Let w(r) = r**2 + 19*r + 21. Let f be w(-18). Suppose 677 = f*l - 1546. Let y = l + -332. Is y a prime number?
True
Let r(p) = 3*p - 7. Let g be r(10). Suppose 0 = -3*i - 6, -24 = -5*y - 4*i + g. Is 2*y*((-52)/(-8) - 4) a prime number?
False
Let p = -30 - -33. Suppose 5*j + 9484 = 4*d, -p*j - 2*j + 4742 = 2*d. Is d composite?
False
Is (-9 + 8)/4*(-911464)/2 a prime number?
True
Suppose -3*i = -5*u + 10, -3*u - 2*u = 3*i - 40. Let p be -1*(-1 + 2) + 3. Suppose -u*t + 885 = -p*t. Is t composite?
True
Suppose -7*o = 7 - 98. Suppose 18*p = o*p + 7675. Is p composite?
True
Let u = -181190 + 436551. Is u composite?
False
Let k be (-6 - -5)*(-2)/(-4)*-2. Suppose -2*v - 5*c + k = -4*v, 4*c + 2 = 3*v. Suppose -4*y - 2*f = -512, -6*y + 504 = -2*y - v*f. Is y a prime number?
True
Let y(s) = -10259*s + 2715. Is y(-56) prime?
True
Let y(n) = 2*n**3 + 17*n**2 - n + 7. Let o(d) = d**3 + d**2 - d + 1. Let x(j) = -o(j) + y(j). Let k be x(-16). Is k/(-10) - 3174/(-15) composite?
False
Let t(w) = w**3 + 28*w**2 + 10*w + 23. Let x be t(-26). Is x/(-4)*48/(-30) composite?
True
Let c = 357 + -312. Is (-24 - -3)/(c/(-53895)) a composite number?
True
Let v(u) = 200*u**3 + 5*u**2 + 100*u + 36. Is v(11) a prime number?
True
Let k = -19042 + 46380. Is k composite?
True
Let r be (-136)/(-12)*60/(-8). Let g be (-646)/r - (-6)/(-10). Is 3270/g - (-17)/(-119) prime?
True
Suppose 4*v + 5*o = 124469, -v + 2*o = o - 31124. Is v a prime number?
True
Suppose 5*v + 11797 = 4*o, -5*v - 14750 = 4*o - 9*o. Is o a prime number?
True
Let q = 30 + 2. Let k = 34 - q. Suppose -k*z - 4*z + 1926 = 0. Is z a prime number?
False
Suppose 0 = 5*q + 2*y - 30, q + 3*y - 35 = -4*q. Suppose 0*v + v = -q*v. Suppose v = -g - 3*g + 5*m + 431, 4*g = m + 435. Is g a prime number?
True
Let g be 252/98*(-14)/(-3). Is (-2)/g - (-920738)/84 composite?
True
Suppose 385503 = 20*i + 154983. Let x = -6229 + i. Is x a composite number?
False
Let w = -157 - -145. Let y(z) = 6*z**2 - 17*z + 5. Is y(w) composite?
True
Let s(p) = p**2 + 31*p + 2. Let t be s(0). Let x(i) = 14*i - 2. Let d be x(5). Suppose t*g = d + 98. Is g a prime number?
True
Let r(x) = 2257*x + 4762. Is r(55) composite?
True
Is ((-302)/2)/((-273)/(-137) - 80/40) composite?
True
Suppose -24*d + 4*j + 930 = -29*d, -2*d - 355 = 5*j. Let l(c) = 46*c - 1. Let i be l(6). Let r = i + d. Is r composite?
True
Suppose -6*o + 16 = 10. Let h = -12432 + 8263. Is h/(-55)*5*o a prime number?
True
Is (22 + 10356)*(-4)/6*(-18)/24 composite?
False
Let y(v) = -v**2 + 11*v - 24. Let w be y(7). Let a(z) = -61*z. Let h(s) = 60*s + 1. Let t(i) = w*h(i) + 3*a(i). Is t(19) a composite number?
False
Suppose 4*v - t - 25101 = -v, -12 = -3*t. Let y = v - 2512. Is y a composite number?
True
Suppose 22516 + 15459 = -31*n. Let d = n + 3039. Is d prime?
False
Suppose -41*u + 12635109 + 15277568 = 0. Is u a prime number?
False
Suppose 23 = 6*v - 1. Let m(a) = 150*a**3 + 4*a**2 + 7*a - 43. Is m(v) composite?
False
Let a = -141 - -162. Suppose -15*p - 3246 = -a*p. Is p a prime number?
True
Let k(l) = -2*l**3 - 7*l**2 - 9*l + 1. Suppose 3*g + 50 = g. Let v = g - -21. Is k(v) a composite number?
False
Suppose -13059 + 77793 = 3*b. Suppose 9*t - 4*t - b = 3*p, -t = -5*p - 4320. Is t a composite number?
True
Let y(c) = -20*c**3 - c**2 + 7*c + 14. Let a = -19 - -14. Let x be y(a). Is 6/(-12) + x/4 a composite number?
False
Is -17 - 166872318/(-217) - (-6)/(-7) prime?
True
Let w(g) = -6*g + 57. Let u be w(7). Let h(c) = 7*c**2 + 3*c - 103. Is h(u) a prime number?
False
Suppose 8*v = -y + 4*v + 863, 0 = -y + 4*v + 831. Suppose -2*m = 5*t - 888, -2*m + 4*t - 18 = -942. Let w = y - m. Is w a composite number?
True
Let w = -9367 + 13849. Let c be w/4*(-48)/(-18). Is c/3 - (-1 + 6) composite?
False
Let c(r) = 42 - 47 - 2086*r + 206*r. Is c(-2) a composite number?
True
Let q(o) = -28*o - 7384*o**2 + 7383*o**2 - 4 + 1 - o**3. Is q(-8) composite?
True
Let u = 3449 + 1897. Let z = u + -2019. Is z prime?
False
Suppose -82*l + 83*l + 775909 = 2*n, 5*n + 4*l - 1939740 = 0. Suppose -3*p + 19*p - n = 0. Is p prime?
True
Suppose -73*b - 2*j = -70*b - 334717, b - 111542 = -5*j. Is b a composite number?
False
Let k(l) = -61*l**3 - 2*l**2 + 5*l + 5. Let f = -69 - -74. Suppose -3*n + 4 + f = -5*z, 4*n = -3*z - 17. Is k(z) a composite number?
False
Let c(s) = -5*s**3 - 3*s**2 + 30*s + 4. Let h be c(-10). Is h + -7 + 7 + 2 prime?
False
Let p be 4 